f 36654 and 18.
6
What is the highest common factor of 17404 and 73720?
76
What is the greatest common divisor of 9632 and 52864?
224
Calculate the greatest common divisor of 7642068 and 84.
84
What is the highest common factor of 1703 and 39?
13
Calculate the highest common divisor of 385 and 19705.
35
What is the greatest common factor of 9372 and 40128?
132
What is the greatest common divisor of 876 and 824900?
292
Calculate the highest common factor of 3875 and 961.
31
What is the highest common divisor of 208 and 22000?
16
What is the greatest common divisor of 1078 and 1188?
22
What is the greatest common divisor of 168 and 79752?
24
Calculate the greatest common divisor of 276457 and 58.
29
Calculate the highest common divisor of 200 and 17950.
50
Calculate the greatest common factor of 62579 and 44.
11
Calculate the greatest common divisor of 543453 and 28781.
1693
What is the highest common divisor of 4520 and 3616?
904
Calculate the highest common divisor of 1597115 and 130.
65
What is the highest common divisor of 84 and 33456?
12
What is the highest common factor of 2156661 and 9?
9
What is the greatest common factor of 144 and 168300?
36
What is the highest common factor of 30 and 71097?
3
Calculate the greatest common divisor of 598683 and 591.
591
Calculate the highest common divisor of 167042 and 986.
34
Calculate the highest common factor of 880 and 3476.
44
What is the highest common divisor of 44 and 242924?
44
Calculate the highest common factor of 26 and 140790.
26
What is the greatest common divisor of 1352 and 9935848?
1352
Calculate the highest common factor of 8 and 12076.
4
Calculate the greatest common factor of 1090752 and 1056.
96
What is the greatest common factor of 3008 and 1786?
94
Calculate the highest common factor of 7009 and 489.
163
Calculate the highest common divisor of 1680 and 73872.
48
What is the greatest common divisor of 3424 and 1648?
16
What is the highest common factor of 65698 and 1070?
214
What is the highest common divisor of 170764 and 44?
44
Calculate the greatest common divisor of 189 and 90405.
63
What is the highest common factor of 99930 and 18?
6
What is the greatest common divisor of 63774 and 135?
27
Calculate the highest common factor of 10658 and 2336.
146
Calculate the highest common divisor of 190475 and 4275.
475
Calculate the greatest common divisor of 13855 and 3485.
85
What is the greatest common factor of 518 and 19726?
14
Calculate the highest common divisor of 67 and 16501162.
67
What is the highest common divisor of 185 and 99345?
185
What is the greatest common factor of 9361 and 8855?
253
Calculate the highest common divisor of 1566 and 6534.
54
What is the highest common divisor of 20255 and 145?
5
Calculate the highest common factor of 116 and 18386.
58
Calculate the highest common factor of 850 and 10625.
425
What is the highest common divisor of 5354 and 4?
2
What is the greatest common divisor of 121396 and 1100?
44
What is the greatest common divisor of 91532 and 343?
49
Calculate the greatest common divisor of 363378 and 426.
426
Calculate the greatest common divisor of 4056 and 392.
8
What is the greatest common factor of 1695 and 705?
15
What is the highest common factor of 209950 and 40014?
494
Calculate the greatest common divisor of 1388436 and 28.
28
What is the highest common divisor of 59 and 181?
1
Calculate the highest common factor of 7124 and 257560.
548
Calculate the greatest common divisor of 86 and 5530.
2
What is the highest common divisor of 168 and 7353276?
84
Calculate the greatest common divisor of 84 and 39459.
21
Calculate the greatest common factor of 2940 and 540.
60
What is the greatest common divisor of 262 and 394179?
131
Calculate the highest common factor of 26510 and 6.
2
What is the highest common divisor of 3224 and 77779?
403
Calculate the greatest common divisor of 288831 and 2967.
129
Calculate the greatest common factor of 129 and 845982.
129
What is the highest common divisor of 38674 and 12680?
634
What is the greatest common factor of 3608226 and 6?
6
Calculate the highest common factor of 22 and 40667.
11
Calculate the highest common divisor of 329965 and 115.
5
Calculate the greatest common factor of 51964 and 8580.
44
What is the greatest common factor of 27070 and 20?
10
Calculate the highest common factor of 650 and 49400.
650
What is the highest common divisor of 4316 and 364?
52
Calculate the highest common factor of 44447 and 845.
169
Calculate the highest common divisor of 1206 and 57821.
67
What is the greatest common divisor of 422 and 3740186?
422
Calculate the highest common factor of 6050 and 15675.
275
Calculate the highest common divisor of 483311 and 958.
479
Calculate the highest common divisor of 30028 and 40.
4
Calculate the highest common divisor of 6236244 and 511.
511
What is the greatest common divisor of 170 and 131990?
10
Calculate the greatest common factor of 75255 and 11745.
435
Calculate the greatest common divisor of 217 and 28.
7
Calculate the highest common factor of 8064 and 34902.
126
What is the greatest common divisor of 32171 and 106?
53
What is the highest common divisor of 75 and 3873?
3
What is the highest common divisor of 67348 and 47008?
452
Calculate the highest common factor of 36903 and 6.
3
What is the highest common divisor of 3 and 4607?
1
What is the greatest common factor of 40 and 169160?
40
Calculate the highest common factor of 6018 and 30.
6
Calculate the greatest common factor of 775 and 24.
1
What is the greatest common factor of 23 and 2608706?
23
Calculate the highest common divisor of 16 and 134824.
8
Calculate the highest common divisor of 2486 and 100118.
226
Calculate the highest common divisor of 3171 and 1208.
151
What is the highest common factor of 3906 and 610204?
434
Calculate the greatest common factor of 38140 and 60.
20
What is the greatest common factor of 129657 and 66?
33
What is the highest common factor of 1083285 and 14535?
855
What is the greatest common factor of 39 and 3266393?
13
Calculate the greatest common factor of 9 and 281043.
9
Calculate the highest common divisor of 11625 and 111375.
375
What is the highest common factor of 1512570 and 2540?
1270
Calculate the highest common factor of 20821 and 517.
47
What is the highest common divisor of 6864 and 3464604?
1716
Calculate the highest common divisor of 1291 and 15.
1
What is the greatest common factor of 34 and 2255016?
34
Calculate the highest common factor of 959 and 2329.
137
What is the greatest common factor of 792 and 5533?
11
Calculate the highest common factor of 1921725 and 25.
25
Calculate the greatest common factor of 2660502 and 2990.
598
Calculate the greatest common factor of 188786 and 6201.
689
Calculate the highest common divisor of 1913816 and 248.
248
What is the greatest common divisor of 9322495 and 14?
7
Calculate the greatest common divisor of 40650 and 3794.
542
What is the highest common factor of 148396 and 8?
4
What is the greatest common factor of 332 and 58432?
332
What is the highest common divisor of 23241 and 183?
183
What is the highest common divisor of 2500 and 200?
100
What is the highest common factor of 480 and 955?
5
Calculate the greatest common divisor of 4732915 and 605.
605
What is the highest common factor of 5340671 and 3836?
959
What is the highest common divisor of 540313 and 218?
109
Calculate the greatest common divisor of 437 and 1321051.
437
What is the highest common factor of 205259 and 83?
83
Calculate the highest common divisor of 252 and 15768.
36
Calculate the greatest common factor of 23 and 41101.
23
What is the highest common divisor of 464 and 37265?
29
What is the greatest common divisor of 64376 and 1000?
8
Calculate the highest common factor of 649 and 236.
59
Calculate the greatest common divisor of 761968 and 16.
16
What is the greatest common factor of 31844862 and 126?
126
Calculate the highest common divisor of 48 and 454992.
48
What is the greatest common factor of 47248 and 288?
16
Calculate the highest common factor of 333135 and 165.
165
What is the greatest common factor of 3361611 and 33?
33
Calculate the greatest common factor of 26706 and 6.
6
What is the highest common factor of 141864 and 8?
8
What is th